31300
In base 4, what is -2131201031 + 1?
-2131201030
In base 12, what is -90880065 - 3?
-90880068
In base 16, what is 7efa + 81f?
8719
In base 11, what is -229a8 - -727?
-22281
In base 4, what is -211 + -132131132200?
-132131133011
In base 10, what is 6689 + 131043?
137732
In base 14, what is -56169 + 444?
-55b25
In base 4, what is 3001 - -312033?
321100
In base 15, what is 218 - -29353?
2956b
In base 11, what is -184 + -32a01?
-33085
In base 11, what is -756214 - -380?
-755944
In base 10, what is 3967 - 787?
3180
In base 8, what is -236765 - -20200?
-216565
In base 12, what is -3a04a44 - 1?
-3a04a45
In base 12, what is 4a458b7 + 2?
4a458b9
In base 6, what is 21 + 140525010?
140525031
In base 9, what is 727625565 + 1?
727625566
In base 13, what is 2241 - 14837?
-125c6
In base 16, what is -1222 - -6c8d?
5a6b
In base 12, what is 36b5 - 171?
3544
In base 6, what is 213 + 2424?
3041
In base 10, what is 524 - -13675?
14199
In base 6, what is 104415 + -31040?
33335
In base 4, what is -2311111023 - 0?
-2311111023
In base 7, what is 243 - 150461232?
-150460656
In base 3, what is -110000 - -101120202220?
101120022220
In base 6, what is -14330 - 1124340?
-1143110
In base 11, what is -3 - 46a74028?
-46a74030
In base 2, what is 100111010001001 + -100011010?
100110101101111
In base 7, what is 2441 - -3563?
6334
In base 10, what is -8880 - 331?
-9211
In base 9, what is 154464 - 2206?
152257
In base 2, what is -10010011100010011111 - 10011010100?
-10010011110101110011
In base 9, what is -101887 + 25781?
-65106
In base 3, what is 11222 + -2101012110211?
-2101012021212
In base 11, what is 91 + -105a17?
-105936
In base 6, what is 12213 + -145051?
-132434
In base 12, what is 160a - 77888?
-7627a
In base 6, what is 2 - 102505015?
-102505013
In base 5, what is -1221333330 - -204?
-1221333121
In base 16, what is 1be3f142 + 4?
1be3f146
In base 6, what is -131 + 433355?
433224
In base 9, what is -1 - 6854756?
-6854757
In base 5, what is -22 - -1034321403?
1034321331
In base 9, what is -1244 - 12582?
-13836
In base 11, what is -439794 + 110?
-439684
In base 8, what is -74743626 + -1?
-74743627
In base 8, what is -6526664 - -12?
-6526652
In base 3, what is 10 - 1022211122011000?
-1022211122010220
In base 14, what is -1 + 94cc65?
94cc64
In base 7, what is 3532556 - 22?
3532534
In base 12, what is 11961 + -101b0?
1771
In base 9, what is 62071121 - -4?
62071125
In base 9, what is -86254687 - 13?
-86254711
In base 2, what is 1001101 + 11101101100100010?
11101101101101111
In base 15, what is 1cc3d5 - -4b?
1cc431
In base 4, what is -2 + 212323132213?
212323132211
In base 14, what is 40dc65 - 2?
40dc63
In base 16, what is -822c + 61?
-81cb
In base 3, what is 1002 - -220102200122121?
220102200200200
In base 16, what is 794df + 5?
794e4
In base 8, what is 1626 - 7746?
-6120
In base 8, what is -12210 - 22057?
-34267
In base 13, what is -38 + -94937b?
-9493b6
In base 6, what is 20015124 + 215?
20015343
In base 4, what is -30 + 103033310032?
103033310002
In base 5, what is 10432122222 - -10?
10432122232
In base 7, what is -263 - 2524352?
-2524645
In base 10, what is 10789083 + -53?
10789030
In base 6, what is -130522223 + -1001?
-130523224
In base 2, what is -10111100010010000001010101011 - 0?
-10111100010010000001010101011
In base 10, what is 5 + -2312379?
-2312374
In base 13, what is 681 - 4419?
-3a68
In base 13, what is -598 - -21546?
20c7b
In base 6, what is 4010430 - -41?
4010511
In base 6, what is 24524123544 - 5?
24524123535
In base 14, what is 97722 + 70a?
9802c
In base 15, what is 32 - -2a0c1?
2a103
In base 15, what is a454bbb2 + 3?
a454bbb5
In base 9, what is -407 + 28664?
28256
In base 11, what is a8a0 + -396?
a505
In base 2, what is -11100 + 10110010100010000011100?
10110010100010000000000
In base 9, what is 3 + -5478132?
-5478128
In base 5, what is 20021144 + -32?
20021112
In base 4, what is -1003130320101 + -33?
-1003130320200
In base 9, what is -548185038 + -2?
-548185041
In base 4, what is -1032103001021 - -112?
-1032103000303
In base 16, what is -202 - -cdeaa?
cdca8
In base 8, what is 3715 - 22015?
-16100
In base 8, what is -5 + 27555270?
27555263
In base 10, what is -441 + -72183?
-72624
In base 15, what is -7b2410 - -5?
-7b240a
In base 15, what is 8875 + 867a?
12000
In base 9, what is -44253 + -2280?
-46543
In base 4, what is -100200001332103 - 3?
-100200001332112
In base 2, what is -1101111 - 100100110111011?
-100101000101010
In base 15, what is 2388 - -28b8?
4c51
In base 11, what is -3a4049 + 614?
-3a3535
In base 7, what is 104562321 + 44?
104562365
In base 7, what is -152451 + -140?
-152621
In base 10, what is 1023 - -12116?
13139
In base 10, what is 42639 - 6858?
35781
In base 14, what is 1997 + -2991?
-dd8
In base 10, what is 6319 - -1118?
7437
In base 16, what is 1 + -10615e9?
-10615e8
In base 10, what is -9 + 2139561?
2139552
In base 8, what is 23 - -40672127?
40672152
In base 5, what is -2 - 11320422344?
-11320422401
In base 13, what is -77ba1 - 97?
-77c68
In base 3, what is -22201221002202 - 1?
-22201221002210
In base 10, what is 27173 - -439?
27612
In base 14, what is -71a - -11d26?
1160a
In base 12, what is 104948 - -19?
104965
In base 2, what is -10110101000 - -11111111110001?
11101001001001
In base 15, what is 55808ae5 + 0?
55808ae5
In base 5, what is -204 - -11020034?
11014330
In base 4, what is -11112330133 + -11321?
-11113002120
In base 7, what is 0 + -305566211?
-305566211
In base 10, what is -7 + -87787445?
-87787452
In base 11, what is 225311312 + 2?
225311314
In base 15, what is 9640c1 - -7?
9640c8
In base 12, what is -67432 - 686?
-67ab8
In base 5, what is -14414 + 2232432?
2213013
In base 5, what is 3032 + 141221313?
141224400
In base 5, what is 330102 + 13102?
343204
In base 5, what is -101141032 - -12?
-101141020
In base 16, what is 3 - 2e1f2a9?
-2e1f2a6
In base 7, what is 3336 - 41200?
-34531
In base 9, what is -2125001 + 27?
-2124863
In base 10, what is -41016 - -2654?
-38362
In base 3, what is 111102001022002 + -2?
111102001022000
In base 3, what is -10121002111 - -210221220?
-2210010121
In base 5, what is -2410 - 4044433?
-4102343
In base 8, what is 40515253 + -16?
40515235
In base 4, what is -111011033322 + -30?
-111011100012
In base 7, what is 1303020 + -3065?
1266622
In base 11, what is -4741a + -1822?
-49141
In base 2, what is -1000 + -1001010010111101100001?
-1001010010111101101001
In base 14, what is 1479 - 11c63?
-107c8
In base 16, what is 84 - 1fbf31?
-1fbead
In base 11, what is -222621 + 3959?
-219773
In base 8, what is -557 + 11036440?
11035661
In base 8, what is 30267 + -6631?
21436
In base 2, what is 1000 + -10000001011111111100?
-10000001011111110100
In base 14, what is 7405 - -1213?
8618
In base 8, what is -17 + 133655571?
133655552
In base 7, what is -415652 + 1243?
-414406
In base 13, what is -666 + 7a0?
137
In base 15, what is -ec7 - -935?
-592
In base 2, what is 1 + 1010011101000010010011001?
1010011101000010010011010
In base 16, what is c3480 - -4e?
c34ce
In base 3, what is 1010202111210 + -10?
1010202111200
In base 8, what is 1641227452 - 3?
1641227447
In base 2, what is 1111001 - 101110010100000?
-101110000100111
In base 10, what is -3795 + 188?
-3607
In base 8, what is 15 - 1562753?
-1562736
In base 2, what is 10 + -10110111111111101110?
-10110111111111101100
In base 10, what is 10 + -880304?
-880294
In base 11, what is -11446 + 39?
-11408
In base 2, what is 100 - 110111010011111011110100?
-110111010011111011110000
In base 15, what is 3 + d7ad675?
d7ad678
In base 12, what is -72 + 1a893?
1a821
In base 14, what is -3 - -55499?
55496
In base 5, what is -313232004113 + -10?
-313232004123
In base 15, what is -3 + -281de64?
-281de67
In base 5, what is 2422034302 + -1?
2422034301
In base 7, what is -30416435 - 42?
-30416510
In base 15, what is 2184 + -151a?
b69
In base 6, what is 501133 + 1215?
502352
In base 12, what is -43a7b2 + -94?
-43a886
In base 15, what is 2e29240 - -1?
2e29241
In base 4, what is -1213011 - -100213300?
33000223
In base 16, what is 0 - -9d6da?
9d6da
In base 6, what is 22 - 504205410?
-504205344
In base 8, what is 0 + 63455335?
63455335
In base 9, what is -5 - 87705808?
-87705814
In base 4, what is 2 + 32100100023?
32100100031
In base 13, what is 33cb1a91 - -4?
33cb1a95
In base 3, what is 10